{"id":103,"date":"2025-10-12T19:23:27","date_gmt":"2025-10-12T17:23:27","guid":{"rendered":"https:\/\/geobazinek.cz\/?page_id=103"},"modified":"2025-10-14T23:11:11","modified_gmt":"2025-10-14T21:11:11","slug":"geodeticke-prace-olomouc","status":"publish","type":"page","link":"https:\/\/geobazinek.cz\/","title":{"rendered":"\u00davod"},"content":{"rendered":"\n<div class=\"wp-block-cover alignwide is-light has-custom-content-position is-position-top-left has-ast-global-color-4-color has-text-color has-link-color wp-elements-01d7bc0520b0a56a53b6649f1d5773e4 wp-duotone-unset-1\" style=\"margin-top:var(--wp--preset--spacing--50);margin-bottom:var(--wp--preset--spacing--50);padding-top:var(--wp--preset--spacing--40);padding-bottom:var(--wp--preset--spacing--40);min-height:515px;aspect-ratio:unset;\"><img loading=\"lazy\" decoding=\"async\" width=\"1024\" height=\"576\" class=\"wp-block-cover__image-background wp-image-122 size-full\" alt=\"\" src=\"https:\/\/geobazinek.cz\/wp-content\/uploads\/2025\/10\/Gemini_Generated_Image_a9hljca9hljca9hl-edited.jpg\" style=\"object-position:76% 33%\" data-object-fit=\"cover\" data-object-position=\"76% 33%\" srcset=\"https:\/\/geobazinek.cz\/wp-content\/uploads\/2025\/10\/Gemini_Generated_Image_a9hljca9hljca9hl-edited.jpg 1024w, https:\/\/geobazinek.cz\/wp-content\/uploads\/2025\/10\/Gemini_Generated_Image_a9hljca9hljca9hl-edited-300x169.jpg 300w, https:\/\/geobazinek.cz\/wp-content\/uploads\/2025\/10\/Gemini_Generated_Image_a9hljca9hljca9hl-edited-768x432.jpg 768w\" sizes=\"auto, (max-width: 1024px) 100vw, 1024px\" \/><span aria-hidden=\"true\" class=\"wp-block-cover__background has-background-dim-10 has-background-dim\"><\/span><div class=\"wp-block-cover__inner-container is-layout-flow wp-block-cover-is-layout-flow\">\n<p class=\"has-text-align-left\" style=\"font-size:32px\"><\/p>\n<\/div><\/div>\n\n\n\n<h4 class=\"wp-block-heading\" style=\"padding-top:var(--wp--preset--spacing--40);padding-bottom:var(--wp--preset--spacing--40)\">Pot\u0159ebujete geometrick\u00fd pl\u00e1n, vyty\u010den\u00ed hranic nebo komplexn\u00ed zam\u011b\u0159en\u00ed in\u017een\u00fdrsk\u00fdch s\u00edt\u00ed? <\/h4>\n\n\n\n<p>Zaji\u0161\u0165uji kompletn\u00ed geodetickou \u010dinnost pro soukrom\u00e9 i firemn\u00ed klienty s garanc\u00ed p\u0159esnosti a rychl\u00e9ho zpracov\u00e1n\u00ed.<\/p>\n\n\n\n<div class=\"wp-block-columns is-layout-flex wp-container-core-columns-is-layout-0884d4d2 wp-block-columns-is-layout-flex\" style=\"border-width:2px;border-radius:6px;margin-top:var(--wp--preset--spacing--50);margin-bottom:var(--wp--preset--spacing--50);box-shadow:var(--wp--preset--shadow--natural)\">\n<div class=\"wp-block-column is-layout-flow wp-block-column-is-layout-flow\">\n<h4 class=\"wp-block-heading\">Pro katastr a pozemky<\/h4>\n\n\n\n<ul class=\"wp-block-list\">\n<li>Geometrick\u00e9 pl\u00e1ny pro z\u00e1pis do KN<\/li>\n\n\n\n<li>Vyty\u010den\u00ed hranic pozemk\u016f a budov<\/li>\n\n\n\n<li>Vyt\u00fd\u010den\u00ed drobn\u00fdch staveb, dom\u016f a osazen\u00ed<\/li>\n\n\n\n<li>Polohopisn\u00e9 a v\u00fd\u0161kopisn\u00e9 zam\u011b\u0159en\u00ed<\/li>\n<\/ul>\n<\/div>\n\n\n\n<div class=\"wp-block-column is-layout-flow wp-block-column-is-layout-flow\">\n<h4 class=\"wp-block-heading\">Pro stavby a in\u017een\u00fdrsk\u00e9 s\u00edt\u011b<\/h4>\n\n\n\n<ul class=\"wp-block-list\">\n<li>Vyt\u00fd\u010den\u00ed obvod\u016f staveni\u0161t\u011b a pr\u016fmyslov\u00fdch objekt\u016f<\/li>\n\n\n\n<li>Vyt\u00fd\u010den\u00ed a zam\u011b\u0159en\u00ed in\u017een\u00fdrsk\u00fdch s\u00edt\u00ed<\/li>\n\n\n\n<li>Zaji\u0161t\u011bn\u00ed skute\u010dn\u00e9ho proveden\u00ed staveb (DSPS)<\/li>\n\n\n\n<li>Technick\u00e1 nivelace<\/li>\n<\/ul>\n<\/div>\n\n\n\n<div class=\"wp-block-column is-layout-flow wp-block-column-is-layout-flow\">\n<h4 class=\"wp-block-heading\">Speci\u00e1ln\u00ed m\u011b\u0159en\u00ed a dokumentace<\/h4>\n\n\n\n<ul class=\"wp-block-list\">\n<li>Zam\u011b\u0159en\u00ed fas\u00e1d, sledov\u00e1n\u00ed svislost\u00ed a kubatury<\/li>\n\n\n\n<li>Tvorba polohov\u00e9ho a v\u00fd\u0161kov\u00e9ho bodov\u00e9ho pole<\/li>\n\n\n\n<li>Vyhotoven\u00ed \u00fa\u010delov\u00fdch map, are\u00e1l\u016f a pasport\u016f<\/li>\n\n\n\n<li>Vyhotoven\u00ed ostatn\u00ed nestandardn\u00ed po\u017eadavky dle dohody<\/li>\n<\/ul>\n<\/div>\n<\/div>\n\n\n\n<div class=\"wp-block-buttons is-content-justification-center is-layout-flex wp-container-core-buttons-is-layout-ccccae50 wp-block-buttons-is-layout-flex\" style=\"padding-top:var(--wp--preset--spacing--50);padding-bottom:var(--wp--preset--spacing--50)\">\n<div class=\"wp-block-button has-custom-width wp-block-button__width-75 is-style-fill\"><a class=\"wp-block-button__link has-ast-global-color-4-color has-ast-global-color-3-background-color has-text-color has-background has-link-color wp-element-button\" href=\"https:\/\/geobazinek.cz\/?page_id=68\u2197\/#form-nadpis\" style=\"border-style:none;border-width:0px;padding-top:var(--wp--preset--spacing--40);padding-bottom:var(--wp--preset--spacing--40)\">Nez\u00e1vazn\u00e1 popt\u00e1vka nebo dotaz<\/a><\/div>\n<\/div>\n\n\n\n<p><\/p>\n","protected":false},"excerpt":{"rendered":"<p>Pot\u0159ebujete geometrick\u00fd pl\u00e1n, vyty\u010den\u00ed hranic nebo komplexn\u00ed zam\u011b\u0159en\u00ed in\u017een\u00fdrsk\u00fdch s\u00edt\u00ed? Zaji\u0161\u0165uji kompletn\u00ed geodetickou \u010dinnost pro soukrom\u00e9 i firemn\u00ed klienty s [&hellip;]<\/p>\n","protected":false},"author":1,"featured_media":0,"parent":0,"menu_order":0,"comment_status":"closed","ping_status":"closed","template":"","meta":{"site-sidebar-layout":"default","site-content-layout":"","ast-site-content-layout":"default","site-content-style":"default","site-sidebar-style":"default","ast-global-header-display":"","ast-banner-title-visibility":"","ast-main-header-display":"","ast-hfb-above-header-display":"","ast-hfb-below-header-display":"","ast-hfb-mobile-header-display":"","site-post-title":"disabled","ast-breadcrumbs-content":"","ast-featured-img":"","footer-sml-layout":"","ast-disable-related-posts":"","theme-transparent-header-meta":"","adv-header-id-meta":"","stick-header-meta":"","header-above-stick-meta":"","header-main-stick-meta":"","header-below-stick-meta":"","astra-migrate-meta-layouts":"default","ast-page-background-enabled":"default","ast-page-background-meta":{"desktop":{"background-color":"var(--ast-global-color-5)","background-image":"","background-repeat":"repeat","background-position":"center center","background-size":"auto","background-attachment":"scroll","background-type":"","background-media":"","overlay-type":"","overlay-color":"","overlay-opacity":"","overlay-gradient":""},"tablet":{"background-color":"","background-image":"","background-repeat":"repeat","background-position":"center center","background-size":"auto","background-attachment":"scroll","background-type":"","background-media":"","overlay-type":"","overlay-color":"","overlay-opacity":"","overlay-gradient":""},"mobile":{"background-color":"","background-image":"","background-repeat":"repeat","background-position":"center center","background-size":"auto","background-attachment":"scroll","background-type":"","background-media":"","overlay-type":"","overlay-color":"","overlay-opacity":"","overlay-gradient":""}},"ast-content-background-meta":{"desktop":{"background-color":"var(--ast-global-color-4)","background-image":"","background-repeat":"repeat","background-position":"center center","background-size":"auto","background-attachment":"scroll","background-type":"","background-media":"","overlay-type":"","overlay-color":"","overlay-opacity":"","overlay-gradient":""},"tablet":{"background-color":"var(--ast-global-color-4)","background-image":"","background-repeat":"repeat","background-position":"center center","background-size":"auto","background-attachment":"scroll","background-type":"","background-media":"","overlay-type":"","overlay-color":"","overlay-opacity":"","overlay-gradient":""},"mobile":{"background-color":"var(--ast-global-color-4)","background-image":"","background-repeat":"repeat","background-position":"center center","background-size":"auto","background-attachment":"scroll","background-type":"","background-media":"","overlay-type":"","overlay-color":"","overlay-opacity":"","overlay-gradient":""}},"footnotes":""},"class_list":["post-103","page","type-page","status-publish","hentry"],"yoast_head":"<!-- This site is optimized with the Yoast SEO plugin v26.9 - https:\/\/yoast.com\/product\/yoast-seo-wordpress\/ -->\n<title>Geodetick\u00e9 pr\u00e1ce Olomouc | Robert Baz\u00ednek<\/title>\n<meta name=\"description\" content=\"Geometrick\u00fd pl\u00e1n, vyty\u010den\u00ed hranic nebo zam\u011b\u0159en\u00ed s\u00edt\u00ed v Olomouci. P\u0159esn\u00e9 geodetick\u00e9 pr\u00e1ce pro soukrom\u00e9 i firemn\u00ed klienty. Volejte 602 879 078.\" \/>\n<meta name=\"robots\" content=\"index, follow, max-snippet:-1, max-image-preview:large, max-video-preview:-1\" \/>\n<link rel=\"canonical\" href=\"https:\/\/geobazinek.cz\/\" \/>\n<meta property=\"og:locale\" content=\"cs_CZ\" \/>\n<meta property=\"og:type\" content=\"article\" \/>\n<meta property=\"og:title\" content=\"Geodetick\u00e9 pr\u00e1ce Olomouc | Robert Baz\u00ednek\" \/>\n<meta property=\"og:description\" content=\"Geometrick\u00fd pl\u00e1n, vyty\u010den\u00ed hranic nebo zam\u011b\u0159en\u00ed s\u00edt\u00ed v Olomouci. P\u0159esn\u00e9 geodetick\u00e9 pr\u00e1ce pro soukrom\u00e9 i firemn\u00ed klienty. Volejte 602 879 078.\" \/>\n<meta property=\"og:url\" content=\"https:\/\/geobazinek.cz\/\" \/>\n<meta property=\"og:site_name\" content=\"Geodetick\u00e9 pr\u00e1ce Robert Baz\u00ednek\" \/>\n<meta property=\"article:modified_time\" content=\"2025-10-14T21:11:11+00:00\" \/>\n<meta property=\"og:image\" content=\"https:\/\/geobazinek.cz\/wp-content\/uploads\/2025\/10\/Gemini_Generated_Image_a9hljca9hljca9hl-edited.jpg\" \/>\n\t<meta property=\"og:image:width\" content=\"1024\" \/>\n\t<meta property=\"og:image:height\" content=\"576\" \/>\n\t<meta property=\"og:image:type\" content=\"image\/jpeg\" \/>\n<meta name=\"twitter:card\" content=\"summary_large_image\" \/>\n<meta name=\"twitter:label1\" content=\"Odhadovan\u00e1 doba \u010dten\u00ed\" \/>\n\t<meta name=\"twitter:data1\" content=\"1 minuta\" \/>\n<script type=\"application\/ld+json\" class=\"yoast-schema-graph\">{\"@context\":\"https:\/\/schema.org\",\"@graph\":[{\"@type\":\"WebPage\",\"@id\":\"https:\/\/geobazinek.cz\/\",\"url\":\"https:\/\/geobazinek.cz\/\",\"name\":\"Geodetick\u00e9 pr\u00e1ce Olomouc | Robert Baz\u00ednek\",\"isPartOf\":{\"@id\":\"https:\/\/geobazinek.cz\/#website\"},\"primaryImageOfPage\":{\"@id\":\"https:\/\/geobazinek.cz\/#primaryimage\"},\"image\":{\"@id\":\"https:\/\/geobazinek.cz\/#primaryimage\"},\"thumbnailUrl\":\"https:\/\/geobazinek.cz\/wp-content\/uploads\/2025\/10\/Gemini_Generated_Image_a9hljca9hljca9hl-edited.jpg\",\"datePublished\":\"2025-10-12T17:23:27+00:00\",\"dateModified\":\"2025-10-14T21:11:11+00:00\",\"description\":\"Geometrick\u00fd pl\u00e1n, vyty\u010den\u00ed hranic nebo zam\u011b\u0159en\u00ed s\u00edt\u00ed v Olomouci. P\u0159esn\u00e9 geodetick\u00e9 pr\u00e1ce pro soukrom\u00e9 i firemn\u00ed klienty. Volejte 602 879 078.\",\"breadcrumb\":{\"@id\":\"https:\/\/geobazinek.cz\/#breadcrumb\"},\"inLanguage\":\"cs\",\"potentialAction\":[{\"@type\":\"ReadAction\",\"target\":[\"https:\/\/geobazinek.cz\/\"]}]},{\"@type\":\"ImageObject\",\"inLanguage\":\"cs\",\"@id\":\"https:\/\/geobazinek.cz\/#primaryimage\",\"url\":\"https:\/\/geobazinek.cz\/wp-content\/uploads\/2025\/10\/Gemini_Generated_Image_a9hljca9hljca9hl-edited.jpg\",\"contentUrl\":\"https:\/\/geobazinek.cz\/wp-content\/uploads\/2025\/10\/Gemini_Generated_Image_a9hljca9hljca9hl-edited.jpg\",\"width\":1024,\"height\":576},{\"@type\":\"BreadcrumbList\",\"@id\":\"https:\/\/geobazinek.cz\/#breadcrumb\",\"itemListElement\":[{\"@type\":\"ListItem\",\"position\":1,\"name\":\"Dom\u016f\",\"item\":\"https:\/\/geobazinek.cz\/\"},{\"@type\":\"ListItem\",\"position\":2,\"name\":\"\u00davod\"}]},{\"@type\":\"WebSite\",\"@id\":\"https:\/\/geobazinek.cz\/#website\",\"url\":\"https:\/\/geobazinek.cz\/\",\"name\":\"Geodetick\u00e9 pr\u00e1ce Robert Baz\u00ednek\",\"description\":\"\",\"publisher\":{\"@id\":\"https:\/\/geobazinek.cz\/#\/schema\/person\/1a44523aa8b92224126de695c0546bb6\"},\"potentialAction\":[{\"@type\":\"SearchAction\",\"target\":{\"@type\":\"EntryPoint\",\"urlTemplate\":\"https:\/\/geobazinek.cz\/?s={search_term_string}\"},\"query-input\":{\"@type\":\"PropertyValueSpecification\",\"valueRequired\":true,\"valueName\":\"search_term_string\"}}],\"inLanguage\":\"cs\"},{\"@type\":[\"Person\",\"Organization\"],\"@id\":\"https:\/\/geobazinek.cz\/#\/schema\/person\/1a44523aa8b92224126de695c0546bb6\",\"name\":\"Robert Baz\u00ednek\",\"image\":{\"@type\":\"ImageObject\",\"inLanguage\":\"cs\",\"@id\":\"https:\/\/geobazinek.cz\/#\/schema\/person\/image\/\",\"url\":\"https:\/\/geobazinek.cz\/wp-content\/uploads\/2025\/10\/Logo_RP_Alfa_crop.png\",\"contentUrl\":\"https:\/\/geobazinek.cz\/wp-content\/uploads\/2025\/10\/Logo_RP_Alfa_crop.png\",\"width\":693,\"height\":380,\"caption\":\"Robert Baz\u00ednek\"},\"logo\":{\"@id\":\"https:\/\/geobazinek.cz\/#\/schema\/person\/image\/\"},\"sameAs\":[\"http:\/\/geobazinek.cz\"]}]}<\/script>\n<!-- \/ Yoast SEO plugin. -->","yoast_head_json":{"title":"Geodetick\u00e9 pr\u00e1ce Olomouc | Robert Baz\u00ednek","description":"Geometrick\u00fd pl\u00e1n, vyty\u010den\u00ed hranic nebo zam\u011b\u0159en\u00ed s\u00edt\u00ed v Olomouci. P\u0159esn\u00e9 geodetick\u00e9 pr\u00e1ce pro soukrom\u00e9 i firemn\u00ed klienty. Volejte 602 879 078.","robots":{"index":"index","follow":"follow","max-snippet":"max-snippet:-1","max-image-preview":"max-image-preview:large","max-video-preview":"max-video-preview:-1"},"canonical":"https:\/\/geobazinek.cz\/","og_locale":"cs_CZ","og_type":"article","og_title":"Geodetick\u00e9 pr\u00e1ce Olomouc | Robert Baz\u00ednek","og_description":"Geometrick\u00fd pl\u00e1n, vyty\u010den\u00ed hranic nebo zam\u011b\u0159en\u00ed s\u00edt\u00ed v Olomouci. P\u0159esn\u00e9 geodetick\u00e9 pr\u00e1ce pro soukrom\u00e9 i firemn\u00ed klienty. Volejte 602 879 078.","og_url":"https:\/\/geobazinek.cz\/","og_site_name":"Geodetick\u00e9 pr\u00e1ce Robert Baz\u00ednek","article_modified_time":"2025-10-14T21:11:11+00:00","og_image":[{"width":1024,"height":576,"url":"https:\/\/geobazinek.cz\/wp-content\/uploads\/2025\/10\/Gemini_Generated_Image_a9hljca9hljca9hl-edited.jpg","type":"image\/jpeg"}],"twitter_card":"summary_large_image","twitter_misc":{"Odhadovan\u00e1 doba \u010dten\u00ed":"1 minuta"},"schema":{"@context":"https:\/\/schema.org","@graph":[{"@type":"WebPage","@id":"https:\/\/geobazinek.cz\/","url":"https:\/\/geobazinek.cz\/","name":"Geodetick\u00e9 pr\u00e1ce Olomouc | Robert Baz\u00ednek","isPartOf":{"@id":"https:\/\/geobazinek.cz\/#website"},"primaryImageOfPage":{"@id":"https:\/\/geobazinek.cz\/#primaryimage"},"image":{"@id":"https:\/\/geobazinek.cz\/#primaryimage"},"thumbnailUrl":"https:\/\/geobazinek.cz\/wp-content\/uploads\/2025\/10\/Gemini_Generated_Image_a9hljca9hljca9hl-edited.jpg","datePublished":"2025-10-12T17:23:27+00:00","dateModified":"2025-10-14T21:11:11+00:00","description":"Geometrick\u00fd pl\u00e1n, vyty\u010den\u00ed hranic nebo zam\u011b\u0159en\u00ed s\u00edt\u00ed v Olomouci. P\u0159esn\u00e9 geodetick\u00e9 pr\u00e1ce pro soukrom\u00e9 i firemn\u00ed klienty. Volejte 602 879 078.","breadcrumb":{"@id":"https:\/\/geobazinek.cz\/#breadcrumb"},"inLanguage":"cs","potentialAction":[{"@type":"ReadAction","target":["https:\/\/geobazinek.cz\/"]}]},{"@type":"ImageObject","inLanguage":"cs","@id":"https:\/\/geobazinek.cz\/#primaryimage","url":"https:\/\/geobazinek.cz\/wp-content\/uploads\/2025\/10\/Gemini_Generated_Image_a9hljca9hljca9hl-edited.jpg","contentUrl":"https:\/\/geobazinek.cz\/wp-content\/uploads\/2025\/10\/Gemini_Generated_Image_a9hljca9hljca9hl-edited.jpg","width":1024,"height":576},{"@type":"BreadcrumbList","@id":"https:\/\/geobazinek.cz\/#breadcrumb","itemListElement":[{"@type":"ListItem","position":1,"name":"Dom\u016f","item":"https:\/\/geobazinek.cz\/"},{"@type":"ListItem","position":2,"name":"\u00davod"}]},{"@type":"WebSite","@id":"https:\/\/geobazinek.cz\/#website","url":"https:\/\/geobazinek.cz\/","name":"Geodetick\u00e9 pr\u00e1ce Robert Baz\u00ednek","description":"","publisher":{"@id":"https:\/\/geobazinek.cz\/#\/schema\/person\/1a44523aa8b92224126de695c0546bb6"},"potentialAction":[{"@type":"SearchAction","target":{"@type":"EntryPoint","urlTemplate":"https:\/\/geobazinek.cz\/?s={search_term_string}"},"query-input":{"@type":"PropertyValueSpecification","valueRequired":true,"valueName":"search_term_string"}}],"inLanguage":"cs"},{"@type":["Person","Organization"],"@id":"https:\/\/geobazinek.cz\/#\/schema\/person\/1a44523aa8b92224126de695c0546bb6","name":"Robert Baz\u00ednek","image":{"@type":"ImageObject","inLanguage":"cs","@id":"https:\/\/geobazinek.cz\/#\/schema\/person\/image\/","url":"https:\/\/geobazinek.cz\/wp-content\/uploads\/2025\/10\/Logo_RP_Alfa_crop.png","contentUrl":"https:\/\/geobazinek.cz\/wp-content\/uploads\/2025\/10\/Logo_RP_Alfa_crop.png","width":693,"height":380,"caption":"Robert Baz\u00ednek"},"logo":{"@id":"https:\/\/geobazinek.cz\/#\/schema\/person\/image\/"},"sameAs":["http:\/\/geobazinek.cz"]}]}},"_links":{"self":[{"href":"https:\/\/geobazinek.cz\/index.php?rest_route=\/wp\/v2\/pages\/103","targetHints":{"allow":["GET"]}}],"collection":[{"href":"https:\/\/geobazinek.cz\/index.php?rest_route=\/wp\/v2\/pages"}],"about":[{"href":"https:\/\/geobazinek.cz\/index.php?rest_route=\/wp\/v2\/types\/page"}],"author":[{"embeddable":true,"href":"https:\/\/geobazinek.cz\/index.php?rest_route=\/wp\/v2\/users\/1"}],"replies":[{"embeddable":true,"href":"https:\/\/geobazinek.cz\/index.php?rest_route=%2Fwp%2Fv2%2Fcomments&post=103"}],"version-history":[{"count":38,"href":"https:\/\/geobazinek.cz\/index.php?rest_route=\/wp\/v2\/pages\/103\/revisions"}],"predecessor-version":[{"id":277,"href":"https:\/\/geobazinek.cz\/index.php?rest_route=\/wp\/v2\/pages\/103\/revisions\/277"}],"wp:attachment":[{"href":"https:\/\/geobazinek.cz\/index.php?rest_route=%2Fwp%2Fv2%2Fmedia&parent=103"}],"curies":[{"name":"wp","href":"https:\/\/api.w.org\/{rel}","templated":true}]}}